 -7 + 6 + -12
13
What is the value of 9 - (6 + -2) - (1 + 9)?
-5
-25 + (-19 - -25) + 33
14
Calculate -2 - (15 + -2 + 12 - 5).
-22
Evaluate 1 - -4 - (-29 - 0 - -15) - 4.
15
Calculate -155 + 157 - (5 + 6).
-9
What is the value of 19 + 3 + 3 + (-6 - 3)?
16
Calculate -2877 + 2883 - (26 + 1 + -1 - 0).
-20
What is (-114 - -130) + 0 + -17?
-1
What is the value of 16 + 0 + -4 + -21?
-9
What is the value of -98 + 21 + 24 + 33?
-20
What is the value of -1 - 14 - (-4 - 16) - -11?
16
Evaluate -9 - -19 - (17 - -3).
-10
What is the value of 1 + 18 + -2 + -4 + 4?
17
17 - (-8 + 12 + 4 - 0)
9
Calculate (-1 - -5) + -7 + 13 + (-11 - 3).
-4
What is 11 + (2 - (-7 + 4)) + (9 - 14)?
11
What is -15 + -5 + 17 + -11?
-14
What is -14 - (-12 - (3 - (-7 - 3)))?
11
Evaluate 11 + (-13 - (26 - 10 - 45)).
27
What is -2 + (-1 - (2 - 18)) - 15?
-2
2 + -1 + -6 - (-7 + 9)
-7
What is the value of 40 + 0 - (20 + -2)?
22
What is -6 + 8 + -5 - (9 + (-11 - -36))?
-37
Calculate 31 + -6 - (-2 + 8).
19
What is 25 + (-26 + 43 - 27)?
15
Evaluate 13 - (-16 - (-29 + -6)).
-6
Calculate -975 + 955 + 24 + 0.
4
What is the value of 0 + 32 - (311 + -297)?
18
What is the value of 5 - (-10 + 0 - -7)?
8
Evaluate 41 + -28 + 15 - 1.
27
What is 36 - (-21 + (15 - -28))?
14
What is 53 + (17 - 26) + -23?
21
What is 6 - (11 + 22 + -27 + -8 + -1)?
9
Calculate (0 + 0 - -5) + -37 + (-13 - -44).
-1
What is -21 - (-5 - 9) - -2?
-5
What is the value of 15 + -10 + -16 - -4 - 2?
-9
Calculate 6 + 1 + -20 + 11 + 2 + 5.
5
What is -3 - (1 + 0) - (-35 + 31 + 8)?
-8
What is -12 + 37 + -10 - 14?
1
Calculate -18 + 9 + -12 + 15.
-6
What is 8 + (0 - 1 - (35 + -19)) - -1?
-8
What is -9 + (-1 - -23) + (-126 - -115)?
2
Calculate 8 + (1 - 2 - 4) + (-1 - 2).
0
8 + (-16 - -11 - 8)
-5
-3 + -36 + 6 - -50
17
85 + -38 - 13 - 14
20
19 + (-13 - -3) + 14
23
What is the value of -74 + 73 + -7 + -24?
-32
(68 - -1) + (-99 - -51)
21
Evaluate -20 + 9 - (-7 + 3).
-7
What is (-46 + 63 - -4) + -18?
3
-2 - -11 - (-12 + (6 - (-18 + 5)))
2
What is the value of -16 + 0 + (890 - 880)?
-6
Evaluate -9 + -19 + (9 - 6) + 8.
-17
(6 - (12 - (11 + -8)) - 5) + 3
-5
-2 + (-5 - -3) + 11 + (-6 - -2)
3
What is -33 + 29 - (-11 + 17)?
-10
What is the value of (-20 - (-1 + -9 + -2)) + -10?
-18
What is -4 + 3 + (-3 - 1 - (57 + -65))?
3
Evaluate 34 + -54 + 23 - (4 + -1) - 30.
-30
What is the value of 26 - 27 - (3 + 5) - -26?
17
Calculate (14 - 29 - -17) + 1 + -24.
-21
What is -13 + 14 + 5 - (1 - (-3 + 1))?
3
Calculate -280 + 271 + (4 - (3 + -6)).
-2
What is -4 - (-8 + (6 - 22) + 6)?
14
What is the value of (-10 + -15 + 10 - -5) + -5?
-15
What is -2 - (5 - 3) - ((6 - 2) + -29)?
21
What is the value of (0 - 4) + 30 + -9 - 9 - -7?
15
Evaluate (-35 + 13 - -14) + 15.
7
What is the value of -6 + 4 + 2 - (-121 - -136)?
-15
Calculate -3 - (-23 + 43 - 6).
-17
(-20 + 17 - -20) + 0
17
Calculate (55 - 93 - -41) + 4 + -3 + 1.
5
Calculate 36 - -1 - (483 + -430).
-16
Calculate -1 + 2 + -5 + (-1 - 0) + 5.
0
What is (0 - 25) + -1 + (-1 - 2)?
-29
What is the value of 12 + -6 + -29 + 12 + 1?
-10
(19 - (29 + -18)) + (1 - 18)
-9
Evaluate 34 + (-24 - -3) + 14.
27
What is 4 - (-20 - (-7 - 4) - (1 - 8))?
6
(-2 - (18 - 29)) + (-16 - -19)
12
What is the value of (-20 + -6 + 7 - -9) + (43 - 6)?
27
Evaluate -5 + 11 + 3 + -5 + -11.
-7
Evaluate 4 + 10 + (14 - (5 + 4)).
19
What is (6 - 0) + (-53 - (-84 - -48))?
-11
Calculate 14 + (1 + 14 - 38).
-9
What is the value of (-13 - (-4 - 3 - 14)) + -18?
-10
Evaluate -3 - (11 + 0 + (-12 + -18 - -24)).
-8
Calculate 4 - 0 - (18 - 31 - -15).
2
Evaluate 5 + 2 - (-1 + (1 - 0)).
7
What is the value of 0 - 2 - (-36 + 38 - (-5 - -2))?
-7
What is the value of -7 - -2 - (7 - (11 + -3))?
-4
Calculate -8 - ((-11 - -23 - 25) + 21).
-16
What is (1 - 1) + -5 + 6 + 13 + -5?
9
(-4 - -28) + -27 + 41
38
Calculate 4 + (17 - (-13 + 48)).
-14
What is the value of -69 - -37 - -65 - 6?
27
What is the value of (98 - 107) + 3 + -11 + -5?
-22
What is the value of -19 + (6 - (4 - 3))?
-14
Calculate (-4 - -21) + 3 + -34.
-14
What is the value of 218 + -235 - ((-8 - -1) + (1 - -1))?
-12
What is 19 - (11 + -4) - 12?
0
Calculate 5 - 8 - -1 - -13.
11
15 + (51 - 60 - (8 - -4))
-6
Calculate 14 + (-7 - -3) - (5 + -4 - -1).
8
Calculate (20 + -44 - -33) + (-1 - 5).
3
What is 6 - (-1 + 4) - (12 - 8 - 15)?
14
Evaluate 3 + 1 + -13 + -6 + (36 - -10).
31
Evaluate -8 + -6 + (-11 - -24).
-1
What is the value of 0 - 19 - (-125 + 87 - (5 - 34))?
-10
What is -21 + -3 - (-11 - -2) - -5?
-10
Evaluate -9 + 42 + -30 + 4.
7
Calculate (-15 - (7 - 12)) + (5 - -7) + -3.
-1
Calculate (3 - -30) + -150 + 131.
14
What is (1 - 0) + 5 + (-1549 - -1550)?
7
What is 8 - ((-15 - -29) + 24 - 2)?
-28
What is -29 - (18 - 48 - 14)?
15
Evaluate 20 - (2 - (-6 - 8)) - 13.
-9
-1 + (-16 - -23) + -20
-14
Calculate (-19 - (1 + -2) - 1) + -636 + 631.
-24
What is -3 + 16 - (-28 - (22 - 61))?
2
What is (9 + -8 + -4 - -13 - 0) + 1?
11
What is the value of 110 + -109 - (1 + -15)?
15
What is the value of 6 + -9 - -1 - 7 - -20?
11
What is -9 + (-13 - 0) - (-4 + -3 + 7)?
-22
What is 12 + 3 + (5 - 10) - (73 + -66)?
3
What is the value of (14 - (-2 - -11 - 8)) + 13?
26
Calculate -8 + (43 - 2) - 19 - 18.
-4
What is -3 - (5 + 16 + 9)?
-33
Evaluate 16 - 11 - -12 - 11.
6
What is 11 - (4 - (8 + -16))?
-1
(-16 - (9 + (-11 - 6) - -8)) + -5
-21
2 + -16 + 111 + -107
-10
-11 - -9 - (12 - 2 - 7)
-5
(-3 + -2 - 1) + (265 - 257)
2
Calculate (-550 - -575) + (-22 - 1).
2
Evaluate -1 + (-165 - -151 - (-5 - 0)).
-10
What is the value of -15 + (0 + 14 - (-33 + 40)) + -2?
-10
Evaluate 29 - 14 - -4 - 7.
12
What is the value of -7 - (19 - (-10 - -24))?
-12
Calculate 29 + (37 + -13 - 33).
20
What is the value of 3 + -1 + 1 + (1113 - 1130)?
-14
What is (30 - (13 - -3)) + -11?
3
What is the value of -2 + -21 + -17 + 9 + 3?
-28
What is (-2 - (-3 + 0)) + -27 + 1 + 15?
-10
What is 0 + 9 - ((-3 - -4) + 0)?
8
What is the value of 13 - (29 - (29 - 14))?
-1
What is 14 + 19 + -21 + 1?
13
What is 4 + (-21 - (2 + (-9 - 2) + 5))?
-13
(-4 - 7) + (12 - 5) + -1 + 13
8
What is the value of -971 + 994 + -1 + -31?
-9
What is the value of 4 - (12 + -5) - (-7 - (-2 - -2))?
4
What is (12 + -1 - -6 - 1) + 2 + 5?
23
Evaluate (1 - 1) + -19 + (-12 + -12 - -23).
-20
Calculate 7 - (-3 - (-4 + -2) - -3 - 2).
3
What is (-1 - 11) + -12 - -34?
10
11 - (23 - 7 - (-2 + 13))
6
Calculate 16 + (2 + 5 - 5 - 4) - 7.
7
Calculate (-9 - -11) + -6 + (7 - 0) + -2.
1
18 + -1 - (-50 + 97 - 49)
19
What is the value of -28 - (-38 - -15) - (3 + (-1 - 0))?
-7
Calculate 0 + -14 - (720 + -715).
-19
Evaluate (1 - 3 - -1 - -2) + -5 + 11.
7
Calculate 21 + -7 + -3 - (6 - 3).
8
What is 27 - 23 - (-1 - 0) - (-2 - -12)?
-5
What is (-219 - -221) + (13 - 1)?
14
Calculate -6 + 50 + -47 + 14 + 1.
12
Evaluate (96 - 75) + (-4 - (5 - (5 - 4))).
13
Evaluate (-15 - (-32 + (10 - 9))) + -14.
2
Evaluate (-12 - 0) + (-1 - 0 - -2) + -6.
-17
Evaluate (32 - 28) + (4 - -6 - 4).
10
Evaluate (15 - 7) + -16 - (4 - -5 - 1).
-16
Evaluate (15 - (18 - -1)) + 3.
-1
23 + (53 + -11 - 85)
-20
What is the value of (6 - (-15 - -8 - -17)) + -8?
-12
What is the value of 17 - (-4 - (-6 + -7)) - -4?
12
What is the value of -8 + 4 - (-9 - 1) - 1 - 10?
-5
What is the value of (18 - 5) + 18 + -18?
13
Calculate 0 - (-12 - -12 - (3 + -19 + 4)).
-12
What is the value of 1 - -37 - (1 + 0 - 1)?
38
Calculate -2 + (3 - 2) + -5 + -38 + 48.
4
Evaluate 17 + -20 + 16 + (4 - 2).
15
What is -22 + 68 - -5 - 14 - (0 - -6)?
31
What is 27 + (5 - 1) + 1 + (-4 - 10)?
18
-3 + -3 + 5 - -37
36
Evaluate 0 - (8 + -1 + -10) - (0 - 0).
3
(1 - (3 - 0)) + (-56 - -105 - 41)
6
Calculate (-23 - 2 - (-66 + 68)) + 9.
-18
What is the value of (34 + -6 - 5) + 1 + -8?
16
What is the value of 3 + 5 + 9 - (-6 + 22)?
1
What is 48 + -48 - (4 + 4)?
-8
Evaluate 25 + -16 + -17 + 17.
9
What is the value of -1 - (3 + -8) - 16 - 2?
-14
What is the value of 3 + -15 - (-16 + (-4 - -32))?
-24
What is the value of 270 + -262 + 1 + (1 + 1 - 0)?
11
-12 + 6 + -2 + 2 - -5
-1
Evaluate -4 + (7 - (4 - 0 - -5 - -5)).
-11
Evaluate -8 - ((9 - 8) + -4).
-5
What is -2 + 19 + -1 - 8 - -2?
10
What is the value of (4 - 2) + 2 + (-54 - (5 - 21))?
-34
3 + 2 + (-44 - -39)
0
Calculate -32 + 30 - (-7 + 1 + 2 - 0).
2
Calculate -8 + (-12 - (-35 - -12)).
3
Calculate -4 - (-1 + 2) - (-7 + -1).
3
What is the value of 12 + 8 